n base 8?
-125160
What is 583 (base 10) in base 2?
1001000111
Convert -410320 (base 5) to base 4.
-3032122
1057 (base 8) to base 7
1426
Convert -17c (base 16) to base 5.
-3010
Convert 304 (base 5) to base 2.
1001111
Convert -2905 (base 13) to base 11.
-44a2
What is 47b (base 16) in base 8?
2173
Convert 1110111101010010 (base 2) to base 4.
32331102
Convert 333 (base 12) to base 7.
1242
12231 (base 4) to base 7
1152
Convert -134416 (base 7) to base 3.
-1022002211
Convert -11100110100 (base 2) to base 9.
-2468
What is -30a6 (base 11) in base 16?
-100d
Convert -223430 (base 6) to base 15.
-5939
What is -20332 (base 5) in base 16?
-53e
Convert -165 (base 16) to base 7.
-1020
12220120 (base 4) to base 3
1101020221
Convert 757 (base 9) to base 10.
619
Convert 19cc (base 16) to base 2.
1100111001100
Convert -1040 (base 9) to base 15.
-360
Convert 2195 (base 13) to base 14.
19c9
What is 48d (base 15) in base 9?
1367
101232 (base 5) to base 7
12446
-23a3 (base 13) to base 14
-1b98
Convert 1330 (base 14) to base 10.
3374
What is -5ea (base 16) in base 5?
-22024
Convert 1053 (base 7) to base 6.
1433
-1089 (base 13) to base 14
-bb0
Convert 13102 (base 4) to base 3.
122021
What is 42551 (base 6) in base 15?
1ad7
-1100110110001100 (base 2) to base 8
-146614
-52a0 (base 11) to base 4
-1231133
Convert 22b (base 14) to base 13.
272
Convert -222432 (base 6) to base 15.
-5845
What is -703 (base 8) in base 16?
-1c3
-420 (base 8) to base 13
-17c
What is 50263 (base 7) in base 13?
56b6
What is -111101101 (base 2) in base 8?
-755
-31525 (base 6) to base 13
-1c5b
What is a4c (base 14) in base 9?
2703
2b0c (base 15) to base 8
22025
Convert -3296 (base 10) to base 4.
-303200
524 (base 6) to base 2
11000100
Convert -1012 (base 3) to base 10.
-32
1379 (base 15) to base 10
4164
Convert 221122 (base 4) to base 13.
128b
What is -1865 (base 12) in base 6?
-21405
Convert 2003 (base 10) to base 8.
3723
What is -2b6 (base 13) in base 8?
-747
1434 (base 12) to base 2
100100101000
Convert 17128 (base 9) to base 15.
374b
1001101101100 (base 2) to base 9
6734
Convert -507 (base 10) to base 16.
-1fb
Convert -162 (base 8) to base 4.
-1302
803 (base 11) to base 2
1111001011
Convert -10100 (base 4) to base 13.
-17c
What is 2535 (base 6) in base 8?
1173
What is 1221222 (base 3) in base 16?
596
320130 (base 7) to base 14
16217
51 (base 13) to base 2
1000010
-1302132 (base 6) to base 11
-48a46
Convert -387 (base 9) to base 10.
-322
What is -2325 (base 7) in base 3?
-1011120
Convert 232e (base 16) to base 11.
6848
What is 616b (base 16) in base 9?
37180
What is 178 (base 15) in base 10?
338
What is 2255 (base 7) in base 2?
1100111000
-da81 (base 14) to base 10
-37745
1b60 (base 13) to base 15
1359
10010210 (base 3) to base 2
100011110001
What is 28b (base 13) in base 10?
453
What is -acc (base 15) in base 16?
-98a
What is -a70 (base 12) in base 16?
-5f4
-3d9 (base 15) to base 8
-1557
-21289 (base 12) to base 14
-11c5b
Convert -3be7 (base 15) to base 6.
-135201
What is 16d9 (base 14) in base 11?
30a8
Convert 2501 (base 9) to base 12.
10b4
What is -2204 (base 9) in base 11?
-1247
What is 1012202000 (base 3) in base 8?
56474
What is 114 (base 11) in base 2?
10001000
What is -1521 (base 6) in base 12?
-2a1
31033 (base 4) to base 7
2320
Convert -413404 (base 5) to base 3.
-200122212
Convert -274 (base 15) to base 14.
-2bd
What is -847 (base 12) in base 5?
-14312
Convert ceca (base 16) to base 15.
10a43
Convert -9405 (base 15) to base 6.
-400452
Convert -120033 (base 4) to base 8.
-3017
Convert 54b0 (base 16) to base 13.
9b39
Convert -2213 (base 5) to base 14.
-180
11100102 (base 4) to base 3
1002112010
-661 (base 9) to base 12
-391
What is 7756 (base 8) in base 12?
243a
What is 5c57 (base 16) in base 4?
11301113
Convert 402002 (base 6) to base 8.
75462
Convert 1535 (base 8) to base 7.
2340
What is d06 (base 15) in base 12?
1843
-99 (base 15) to base 2
-10010000
Convert 11011101111011 (base 2) to base 13.
6607
3a9 (base 12) to base 16
231
598a (base 13) to base 12
7378
What is -2210 (base 3) in base 13?
-5a
Convert -14b (base 15) to base 8.
-450
What is -1d1 (base 14) in base 2?
-101111011
What is -d908 (base 15) in base 11?
-31545
Convert -50 (base 6) to base 14.
-22
What is 2850 (base 12) in base 14?
19b6
110003 (base 4) to base 3
1202112
-90 (base 16) to base 7
-264
Convert -1522 (base 8) to base 3.
-1011111
Convert 102321 (base 4) to base 12.
849
-3030034 (base 5) to base 16
-be81
What is 23440 (base 6) in base 12?
1b80
What is -11480 (base 10) in base 6?
-125052
4554 (base 13) to base 12
5746
Convert -2662 (base 10) to base 9.
-3577
What is 23300 (base 4) in base 12?
528
987 (base 15) to base 13
c97
What is -adc (base 14) in base 7?
-6165
Convert d79d (base 15) to base 16.
b21e
Convert -110101100111000 (base 2) to base 8.
-65470
4f24 (base 16) to base 11
14249
What is -1333133 (base 4) in base 5?
-230114
71162 (base 8) to base 4
13021302
24185 (base 9) to base 11
11194
-32035 (base 7) to base 2
-1111011101011
What is -894c (base 14) in base 15?
-70a9
-10101000 (base 2) to base 16
-a8
-2583 (base 9) to base 8
-3622
Convert 966a (base 13) to base 4.
11012023
-db (base 14) to base 10
-193
Convert 23c (base 15) to base 13.
300
What is -813 (base 14) in base 4?
-120301
What is 5430 (base 7) in base 6?
12540
What is 10146 (base 8) in base 16?
1066
What is -211222 (base 3) in base 13?
-389
What is -110 (base 7) in base 8?
-70
What is 747 (base 16) in base 3?
2120000
Convert 43203 (base 5) to base 6.
21320
-11125 (base 6) to base 7
-4364
-225 (base 8) to base 16
-95
Convert 391 (base 10) to base 16.
187
Convert 2062 (base 8) to base 4.
100302
-74 (base 12) to base 11
-80
What is 641 (base 10) in base 14?
33b
Convert -3213 (base 5) to base 3.
-121001
-4c41 (base 14) to base 2
-11010001001001
-10741 (base 9) to base 11
-5424
Convert -30145 (base 6) to base 2.
-111101110001
Convert -1656 (base 10) to base 5.
-23111
5775 (base 12) to base 4
2120021
-5715 (base 14) to base 11
-10398
Convert 20410 (base 5) to base 12.
94b
Convert -101110011011010 (base 2) to base 3.
-1012121101
What is 113341 (base 5) in base 11?
3198
Convert -2441 (base 7) to base 4.
-32033
Convert -54005 (base 6) to base 2.
-1110010110101
What is 1101110000110110 (base 2) in base 4?
31300312
What is 262 (base 13) in base 9?
514
What is 3756 (base 8) in base 10?
2030
2940 (base 11) to base 12
2243
-253c (base 13) to base 4
-1102222
Convert -873 (base 15) to base 10.
-1908
-12610 (base 7) to base 10
-3388
-260 (base 12) to base 14
-1ba
What is -4656 (base 7) in base 3?
-2100020
2102 (base 11) to base 12
1741
Convert 192 (base 15) to base 12.
262
What is 102054 (base 6) in base 2?
10000000110010
What is -a66 (base 12) in base 6?
-11010
-334031 (base 5) to base 14
-4406
What is 6a1 (base 11) in base 9?
1130
What is -11112000 (base 3) in base 16?
-cde
10023 (base 5) to base 4
21332
Convert 1318 (base 14) to base 8.
6432
-23220 (base 4) to base 3
-1000120
What is -1214 (base 8) in base 13?
-3b2
Convert 654 (base 9) to base 11.
447
What is e0 (base 16) in base 14?
120
Convert 324404 (base 6) to base 10.
26932
-167 (base 9) to base 4
-2032
What is -7a67 (base 12) in base 16?
-352f
-44224 (base 5) to base 10
-3064
-98a6 (base 11) to base 9
-18824
What is 102a4 (base 12) in base 13?
981a
What is -9c6 (base 13) in base 15?
-773
Convert -3957 (base 11) to base 10.
-5144
-101110 (base 4) to base 16
-454
What is 2325 (base 6) in base 12?
3a5
-120103 (base 4) to base 8
-3023
Convert -121a8 (base 11) to base 6.
-213114
What is 16140 (base 7) in base 14?
1920
What is -874 (base 10) in base 16?
-36a
Convert -10719 (base 11) to base 9.
-23241
Convert 217 (base 14) to base 6.
1525
Convert -214342 (base 5) to base 3.
-101020202
Convert -10110011001 (base 2) to base 3.
-1222002
Convert -8380 (base 10) to base 13.
-3a78
4041 (base 6) to base 8
1571
Convert -2002201 (base 4) to base 16.
-20a1
31321 (base 4) to base 3
1012221
Convert -100111001110 (base 2) to base 7.
-10214
1034403 (base 5) to base 3
220211111
What is 21214 (base 10) in base 2?
101001011011110
Convert 10100100 (base 2) to base 14.
ba
Convert -322000 (base 4) to base 3.
-12002111
What is -1056 (base 8) in base 15?
-273
-121350 (base 6) to base 9
-15633
Convert 333223 (base 4) to base 2.
111